90 is divided by 14.
10
What is the remainder when 675 is divided by 167?
7
Calculate the remainder when 1038 is divided by 110.
48
Calculate the remainder when 185 is divided by 33.
20
Calculate the remainder when 50 is divided by 31.
19
What is the remainder when 585 is divided by 84?
81
Calculate the remainder when 1959 is divided by 244.
7
What is the remainder when 169 is divided by 34?
33
Calculate the remainder when 808 is divided by 120.
88
What is the remainder when 1521 is divided by 32?
17
Calculate the remainder when 215 is divided by 61.
32
What is the remainder when 92 is divided by 43?
6
What is the remainder when 141 is divided by 29?
25
What is the remainder when 57 is divided by 41?
16
Calculate the remainder when 144 is divided by 32.
16
Calculate the remainder when 286 is divided by 41.
40
Calculate the remainder when 373 is divided by 105.
58
What is the remainder when 663 is divided by 112?
103
Calculate the remainder when 1872 is divided by 44.
24
What is the remainder when 246 is divided by 118?
10
What is the remainder when 119 is divided by 62?
57
Calculate the remainder when 297 is divided by 30.
27
Calculate the remainder when 1071 is divided by 72.
63
Calculate the remainder when 30533 is divided by 197.
195
Calculate the remainder when 78 is divided by 10.
8
What is the remainder when 145 is divided by 32?
17
Calculate the remainder when 4994 is divided by 4993.
1
Calculate the remainder when 1217 is divided by 7.
6
What is the remainder when 56 is divided by 27?
2
What is the remainder when 1966 is divided by 651?
13
Calculate the remainder when 4247 is divided by 5.
2
What is the remainder when 684 is divided by 172?
168
Calculate the remainder when 406 is divided by 80.
6
What is the remainder when 587 is divided by 120?
107
Calculate the remainder when 311 is divided by 78.
77
What is the remainder when 1185 is divided by 54?
51
Calculate the remainder when 131 is divided by 22.
21
What is the remainder when 779 is divided by 245?
44
Calculate the remainder when 563 is divided by 94.
93
Calculate the remainder when 1054 is divided by 177.
169
Calculate the remainder when 319 is divided by 143.
33
What is the remainder when 353 is divided by 120?
113
What is the remainder when 277 is divided by 113?
51
What is the remainder when 84 is divided by 29?
26
Calculate the remainder when 131 is divided by 15.
11
Calculate the remainder when 572 is divided by 159.
95
What is the remainder when 7 is divided by 6?
1
Calculate the remainder when 6038 is divided by 1205.
13
What is the remainder when 3435 is divided by 24?
3
What is the remainder when 1025 is divided by 24?
17
What is the remainder when 439 is divided by 22?
21
What is the remainder when 5592 is divided by 15?
12
Calculate the remainder when 247 is divided by 25.
22
Calculate the remainder when 72 is divided by 57.
15
Calculate the remainder when 1352 is divided by 1343.
9
Calculate the remainder when 4377 is divided by 36.
21
Calculate the remainder when 4126 is divided by 296.
278
Calculate the remainder when 68 is divided by 14.
12
Calculate the remainder when 47 is divided by 19.
9
What is the remainder when 441 is divided by 167?
107
Calculate the remainder when 1813 is divided by 67.
4
What is the remainder when 599 is divided by 81?
32
What is the remainder when 267 is divided by 59?
31
What is the remainder when 607 is divided by 79?
54
What is the remainder when 241 is divided by 63?
52
Calculate the remainder when 184 is divided by 37.
36
Calculate the remainder when 3076 is divided by 27.
25
Calculate the remainder when 100 is divided by 43.
14
Calculate the remainder when 30 is divided by 20.
10
Calculate the remainder when 553 is divided by 9.
4
Calculate the remainder when 277 is divided by 93.
91
What is the remainder when 80 is divided by 5?
0
What is the remainder when 300 is divided by 32?
12
What is the remainder when 450 is divided by 443?
7
Calculate the remainder when 321 is divided by 68.
49
Calculate the remainder when 89 is divided by 35.
19
Calculate the remainder when 51 is divided by 14.
9
What is the remainder when 92 is divided by 24?
20
Calculate the remainder when 41039 is divided by 60.
59
What is the remainder when 658 is divided by 9?
1
Calculate the remainder when 197 is divided by 40.
37
Calculate the remainder when 944 is divided by 15.
14
What is the remainder when 11209 is divided by 89?
84
What is the remainder when 138 is divided by 71?
67
What is the remainder when 508 is divided by 26?
14
Calculate the remainder when 33 is divided by 33.
0
What is the remainder when 280 is divided by 6?
4
What is the remainder when 143 is divided by 6?
5
Calculate the remainder when 2752 is divided by 54.
52
Calculate the remainder when 221 is divided by 129.
92
Calculate the remainder when 458 is divided by 77.
73
Calculate the remainder when 618 is divided by 9.
6
Calculate the remainder when 267 is divided by 134.
133
Calculate the remainder when 1542 is divided by 34.
12
What is the remainder when 209 is divided by 73?
63
Calculate the remainder when 2603 is divided by 12.
11
What is the remainder when 361 is divided by 28?
25
What is the remainder when 671 is divided by 24?
23
What is the remainder when 1136 is divided by 104?
96
Calculate the remainder when 365 is divided by 79.
49
What is the remainder when 7438 is divided by 30?
28
What is the remainder when 267 is divided by 46?
37
What is the remainder when 4247 is divided by 85?
82
Calculate the remainder when 45 is divided by 36.
9
What is the remainder when 1144 is divided by 24?
16
Calculate the remainder when 97 is divided by 27.
16
Calculate the remainder when 92 is divided by 53.
39
What is the remainder when 13 is divided by 12?
1
What is the remainder when 1745 is divided by 218?
1
Calculate the remainder when 94 is divided by 33.
28
Calculate the remainder when 48 is divided by 7.
6
What is the remainder when 32812 is divided by 19?
18
Calculate the remainder when 88 is divided by 15.
13
What is the remainder when 64 is divided by 23?
18
What is the remainder when 521 is divided by 28?
17
What is the remainder when 1546 is divided by 91?
90
Calculate the remainder when 3942 is divided by 68.
66
What is the remainder when 2338 is divided by 67?
60
What is the remainder when 1199 is divided by 9?
2
Calculate the remainder when 47423 is divided by 13.
12
Calculate the remainder when 23050 is divided by 89.
88
Calculate the remainder when 93364 is divided by 57.
55
Calculate the remainder when 24 is divided by 15.
9
What is the remainder when 3449 is divided by 50?
49
Calculate the remainder when 31 is divided by 8.
7
Calculate the remainder when 244 is divided by 45.
19
Calculate the remainder when 1373 is divided by 115.
108
Calculate the remainder when 66 is divided by 15.
6
Calculate the remainder when 845 is divided by 93.
8
Calculate the remainder when 348 is divided by 173.
2
Calculate the remainder when 250 is divided by 18.
16
What is the remainder when 193 is divided by 14?
11
What is the remainder when 8609 is divided by 79?
77
Calculate the remainder when 2121 is divided by 41.
30
What is the remainder when 31 is divided by 2?
1
What is the remainder when 1186 is divided by 238?
234
What is the remainder when 35 is divided by 21?
14
What is the remainder when 543 is divided by 39?
36
What is the remainder when 11778 is divided by 231?
228
Calculate the remainder when 2343 is divided by 18.
3
What is the remainder when 408 is divided by 47?
32
What is the remainder when 191 is divided by 8?
7
What is the remainder when 5444 is divided by 35?
19
Calculate the remainder when 2730 is divided by 118.
16
Calculate the remainder when 15361 is divided by 92.
89
Calculate the remainder when 1034 is divided by 10.
4
What is the remainder when 1037 is divided by 339?
20
What is the remainder when 142 is divided by 127?
15
Calculate the remainder when 974 is divided by 13.
12
Calculate the remainder when 208 is divided by 71.
66
What is the remainder when 370 is divided by 157?
56
What is the remainder when 108 is divided by 2?
0
What is the remainder when 1483 is divided by 105?
13
Calculate the remainder when 226 is divided by 148.
78
What is the remainder 